, 59
List the prime factors of 45576.
2, 3, 211
What are the prime factors of 43960?
2, 5, 7, 157
List the prime factors of 2301.
3, 13, 59
List the prime factors of 17702.
2, 53, 167
List the prime factors of 54248.
2, 6781
What are the prime factors of 2790?
2, 3, 5, 31
List the prime factors of 6044.
2, 1511
What are the prime factors of 228?
2, 3, 19
What are the prime factors of 2705?
5, 541
List the prime factors of 4237.
19, 223
List the prime factors of 1832.
2, 229
What are the prime factors of 11003?
11003
What are the prime factors of 27222?
2, 3, 13, 349
What are the prime factors of 61794?
2, 3, 3433
List the prime factors of 12945.
3, 5, 863
List the prime factors of 14734.
2, 53, 139
List the prime factors of 1039.
1039
List the prime factors of 5269.
11, 479
What are the prime factors of 32752?
2, 23, 89
List the prime factors of 1473.
3, 491
List the prime factors of 3051.
3, 113
What are the prime factors of 2904?
2, 3, 11
What are the prime factors of 12939?
3, 19, 227
What are the prime factors of 15620?
2, 5, 11, 71
List the prime factors of 195495.
3, 5, 13033
List the prime factors of 42429.
3, 14143
What are the prime factors of 73469?
11, 6679
What are the prime factors of 173?
173
What are the prime factors of 24513?
3, 8171
List the prime factors of 44233.
7, 71, 89
List the prime factors of 11259.
3, 139
List the prime factors of 60206.
2, 30103
What are the prime factors of 1687?
7, 241
What are the prime factors of 124817?
7, 11, 1621
List the prime factors of 62789.
37, 1697
List the prime factors of 88703.
107, 829
List the prime factors of 2000.
2, 5
What are the prime factors of 4981?
17, 293
What are the prime factors of 6473?
6473
What are the prime factors of 6405?
3, 5, 7, 61
What are the prime factors of 118275?
3, 5, 19, 83
List the prime factors of 4591.
4591
What are the prime factors of 25150?
2, 5, 503
List the prime factors of 707.
7, 101
What are the prime factors of 1714?
2, 857
List the prime factors of 796.
2, 199
List the prime factors of 2876.
2, 719
What are the prime factors of 21805?
5, 7, 89
What are the prime factors of 20321?
7, 2903
List the prime factors of 9326.
2, 4663
List the prime factors of 7167.
3, 2389
List the prime factors of 3175.
5, 127
What are the prime factors of 924?
2, 3, 7, 11
What are the prime factors of 1976?
2, 13, 19
List the prime factors of 126369.
3, 19, 739
What are the prime factors of 1418?
2, 709
List the prime factors of 809.
809
List the prime factors of 19640.
2, 5, 491
List the prime factors of 959.
7, 137
List the prime factors of 89219.
13, 6863
List the prime factors of 178.
2, 89
What are the prime factors of 255?
3, 5, 17
List the prime factors of 5630.
2, 5, 563
List the prime factors of 2522.
2, 13, 97
List the prime factors of 6502.
2, 3251
What are the prime factors of 1639?
11, 149
List the prime factors of 872.
2, 109
What are the prime factors of 43660?
2, 5, 37, 59
List the prime factors of 26151.
3, 23, 379
List the prime factors of 4914.
2, 3, 7, 13
List the prime factors of 5883.
3, 37, 53
List the prime factors of 646.
2, 17, 19
List the prime factors of 4064.
2, 127
List the prime factors of 2622.
2, 3, 19, 23
List the prime factors of 5507.
5507
List the prime factors of 91851.
3, 17, 1801
List the prime factors of 10968.
2, 3, 457
What are the prime factors of 4266?
2, 3, 79
List the prime factors of 1398.
2, 3, 233
What are the prime factors of 21012?
2, 3, 17, 103
List the prime factors of 760.
2, 5, 19
What are the prime factors of 53574?
2, 3, 8929
What are the prime factors of 36417?
3, 61, 199
What are the prime factors of 1196?
2, 13, 23
List the prime factors of 462.
2, 3, 7, 11
List the prime factors of 13435.
5, 2687
What are the prime factors of 4790?
2, 5, 479
List the prime factors of 1257.
3, 419
List the prime factors of 79507.
43
What are the prime factors of 10242?
2, 3, 569
List the prime factors of 48543.
3, 11, 1471
What are the prime factors of 3410?
2, 5, 11, 31
What are the prime factors of 4862?
2, 11, 13, 17
List the prime factors of 82045.
5, 61, 269
What are the prime factors of 34202?
2, 7, 349
What are the prime factors of 133994?
2, 7, 17, 563
What are the prime factors of 96848?
2, 6053
What are the prime factors of 85717?
85717
List the prime factors of 67629.
3, 22543
What are the prime factors of 1085?
5, 7, 31
What are the prime factors of 60660?
2, 3, 5, 337
List the prime factors of 9846.
2, 3, 547
What are the prime factors of 62634?
2, 3, 11, 13, 73
What are the prime factors of 7035?
3, 5, 7, 67
What are the prime factors of 815?
5, 163
What are the prime factors of 677?
677
List the prime factors of 40824.
2, 3, 7
What are the prime factors of 36152?
2, 4519
What are the prime factors of 583?
11, 53
What are the prime factors of 5470?
2, 5, 547
List the prime factors of 1919.
19, 101
What are the prime factors of 26750?
2, 5, 107
What are the prime factors of 179597?
11, 29, 563
List the prime factors of 5673.
3, 31, 61
List the prime factors of 1205.
5, 241
What are the prime factors of 4189?
59, 71
What are the prime factors of 7191?
3, 17, 47
List the prime factors of 169.
13
List the prime factors of 741.
3, 13, 19
List the prime factors of 2200.
2, 5, 11
List the prime factors of 28574.
2, 7, 13, 157
List the prime factors of 127099.
7, 67, 271
List the prime factors of 11342.
2, 53, 107
List the prime factors of 45943.
45943
What are the prime factors of 197135?
5, 89, 443
List the prime factors of 1624.
2, 7, 29
List the prime factors of 28141.
107, 263
What are the prime factors of 354?
2, 3, 59
What are the prime factors of 1226?
2, 613
List the prime factors of 91943.
91943
List the prime factors of 73987.
241, 307
What are the prime factors of 115728?
2, 3, 2411
List the prime factors of 33465.
3, 5, 23, 97
List the prime factors of 36272.
2, 2267
List the prime factors of 1925.
5, 7, 11
List the prime factors of 7102.
2, 53, 67
What are the prime factors of 1123?
1123
What are the prime factors of 967?
967
What are the prime factors of 130?
2, 5, 13
What are the prime factors of 36?
2, 3
What are the prime factors of 1399?
1399
What are the prime factors of 3656?
2, 457
What are the prime factors of 13032?
2, 3, 181
List the prime factors of 9653.
7, 197
What are the prime factors of 10391?
10391
List the prime factors of 1592.
2, 199
List the prime factors of 1488.
2, 3, 31
List the prime factors of 13428.
2, 3, 373
What are the prime factors of 24453?
3, 11, 13, 19
What are the prime factors of 28566?
2, 3, 23
What are the prime factors of 28363?
113, 251
What are the prime factors of 4420?
2, 5, 13, 17
What are the prime factors of 507?
3, 13
List the prime factors of 529.
23
List the prime factors of 27218.
2, 31, 439
What are the prime factors of 617?
617
List the prime factors of 4971.
3, 1657
What are the prime factors of 1192?
2, 149
List the prime factors of 39435.
3, 5, 11, 239
What are the prime factors of 902?
2, 11, 41
What are the prime factors of 2989?
7, 61
What are the prime factors of 511?
7, 73
What are the prime factors of 48030?
2, 3, 5, 1601
What are the prime factors of 35824?
2, 2239
What are the prime factors of 77581?
7, 11083
List the prime factors of 1781.
13, 137
List the prime factors of 35158.
2, 17579
List the prime factors of 402.
2, 3, 67
What are the prime factors of 2275?
5, 7, 13
What are the prime factors of 12152?
2, 7, 31
List the prime factors of 2.
2
What are the prime factors of 6156?
2, 3, 19
List the prime factors of 8357.
61, 137
What are the prime factors of 964?
2, 241
List the prime factors of 57157.
61, 937
What are the prime factors of 36906?
2, 3, 6151
List the prime factors of 937.
937
List the prime factors of 9171.
3, 1019
List the prime factors of 13402.
2, 6701
What are the prime factors of 38653?
38653
What are the prime factors of 22019?
97, 227
List the prime factors of 1321.
1321
List the prime factors of 26479.
26479
List the prime factors of 522.
2, 3, 29
List the prime factors of 22022.
2, 7, 11, 13
What are the prime factors of 18023?
67, 269
What are the prime factors of 63908?
2, 13, 1229
What are the prime factors of 1141?
7, 163
What are the prime factors of 6225?
3, 5, 83
What are the prime factors of 394?
